{"id":98,"date":"2019-12-16T18:37:47","date_gmt":"2019-12-16T18:37:47","guid":{"rendered":"http:\/\/firestorm-con.de\/?page_id=98"},"modified":"2020-06-17T12:57:44","modified_gmt":"2020-06-17T12:57:44","slug":"die-fraktionen","status":"publish","type":"page","link":"http:\/\/firestorm-con.de\/?page_id=98","title":{"rendered":"Die Fraktionen"},"content":{"rendered":"\n<div class=\"wp-block-columns is-layout-flex wp-container-core-columns-is-layout-9d6595d7 wp-block-columns-is-layout-flex\">\n<div class=\"wp-block-column is-layout-flow wp-block-column-is-layout-flow\">\n<figure class=\"wp-block-image size-large\"><a href=\"http:\/\/firestorm-con.de\/?page_id=231\"><img fetchpriority=\"high\" decoding=\"async\" width=\"1024\" height=\"1024\" src=\"http:\/\/firestorm-con.de\/wp-content\/uploads\/2020\/05\/sinnbadier-1-1024x1024.png\" alt=\"\" class=\"wp-image-299\" srcset=\"http:\/\/firestorm-con.de\/wp-content\/uploads\/2020\/05\/sinnbadier-1-1024x1024.png 1024w, http:\/\/firestorm-con.de\/wp-content\/uploads\/2020\/05\/sinnbadier-1-300x300.png 300w, http:\/\/firestorm-con.de\/wp-content\/uploads\/2020\/05\/sinnbadier-1-150x150.png 150w, http:\/\/firestorm-con.de\/wp-content\/uploads\/2020\/05\/sinnbadier-1-768x768.png 768w, http:\/\/firestorm-con.de\/wp-content\/uploads\/2020\/05\/sinnbadier-1-640x640.png 640w, http:\/\/firestorm-con.de\/wp-content\/uploads\/2020\/05\/sinnbadier-1-180x180.png 180w, http:\/\/firestorm-con.de\/wp-content\/uploads\/2020\/05\/sinnbadier-1.png 1066w\" sizes=\"(max-width: 1024px) 100vw, 1024px\" \/><\/a><\/figure>\n\n\n\n<h2 class=\"wp-block-heading\">Die Sinnbadier<\/h2>\n\n\n\n<p> Die Sinnbadier sind ein W\u00fcstenvolk und stammen aus dem Roten Land, einer kargen und lebensfeindlichen Sandw\u00fcste. Ihre Vorfahren haben den Untergang der Welt in den weitl\u00e4ufigen Pyramidenkomplexen in ihrer Heimat \u00fcberlebt. Sie leben in einem strikten Kastensystem und zeichnen sich vor allem durch ihren starken Glauben aus. <a href=\"http:\/\/firestorm-con.de\/?page_id=231\">mehr<\/a><\/p>\n<\/div>\n\n\n\n<div class=\"wp-block-column is-layout-flow wp-block-column-is-layout-flow\">\n<figure class=\"wp-block-image size-large is-style-default\"><a href=\"http:\/\/firestorm-con.de\/?page_id=247\"><img decoding=\"async\" width=\"1024\" height=\"1024\" src=\"http:\/\/firestorm-con.de\/wp-content\/uploads\/2020\/06\/kollektiv-1024x1024.jpg\" alt=\"\" class=\"wp-image-312\" srcset=\"http:\/\/firestorm-con.de\/wp-content\/uploads\/2020\/06\/kollektiv-1024x1024.jpg 1024w, http:\/\/firestorm-con.de\/wp-content\/uploads\/2020\/06\/kollektiv-300x300.jpg 300w, http:\/\/firestorm-con.de\/wp-content\/uploads\/2020\/06\/kollektiv-150x150.jpg 150w, http:\/\/firestorm-con.de\/wp-content\/uploads\/2020\/06\/kollektiv-768x768.jpg 768w, http:\/\/firestorm-con.de\/wp-content\/uploads\/2020\/06\/kollektiv-640x640.jpg 640w, http:\/\/firestorm-con.de\/wp-content\/uploads\/2020\/06\/kollektiv-180x180.jpg 180w, http:\/\/firestorm-con.de\/wp-content\/uploads\/2020\/06\/kollektiv.jpg 1365w\" sizes=\"(max-width: 1024px) 100vw, 1024px\" \/><\/a><\/figure>\n\n\n\n<h2 class=\"wp-block-heading\">Das Kollektiv<\/h2>\n\n\n\n<p> Das Kollektiv ist eine sehr eng auf Gemeinschaft basierende Fraktion. Sie leben auf einer aus alten Schiffswracks zusammengef\u00fcgten Insel im n\u00f6rdlichen Eismeer. <a href=\"http:\/\/firestorm-con.de\/?page_id=247\">mehr<\/a><\/p>\n<\/div>\n\n\n\n<div class=\"wp-block-column is-layout-flow wp-block-column-is-layout-flow\">\n<figure class=\"wp-block-image size-large\"><a href=\"http:\/\/firestorm-con.de\/?page_id=239\"><img decoding=\"async\" width=\"1024\" height=\"1024\" src=\"http:\/\/firestorm-con.de\/wp-content\/uploads\/2020\/05\/chaingang2-1024x1024.png\" alt=\"\" class=\"wp-image-296\" srcset=\"http:\/\/firestorm-con.de\/wp-content\/uploads\/2020\/05\/chaingang2-1024x1024.png 1024w, http:\/\/firestorm-con.de\/wp-content\/uploads\/2020\/05\/chaingang2-300x300.png 300w, http:\/\/firestorm-con.de\/wp-content\/uploads\/2020\/05\/chaingang2-150x150.png 150w, http:\/\/firestorm-con.de\/wp-content\/uploads\/2020\/05\/chaingang2-768x768.png 768w, http:\/\/firestorm-con.de\/wp-content\/uploads\/2020\/05\/chaingang2-640x640.png 640w, http:\/\/firestorm-con.de\/wp-content\/uploads\/2020\/05\/chaingang2-180x180.png 180w, http:\/\/firestorm-con.de\/wp-content\/uploads\/2020\/05\/chaingang2.png 1065w\" sizes=\"(max-width: 1024px) 100vw, 1024px\" \/><\/a><\/figure>\n\n\n\n<h2 class=\"wp-block-heading\">Die Chain Gang<\/h2>\n\n\n\n<p> Die Vorfahren der Chain Gang haben den Untergang der Welt in einem Hochsicherheitsgef\u00e4ngnis \u00fcberlebt. In dem anschlie\u00dfenden Chaos konnte der Chief und seine Bande die Macht f\u00fcr sich sichern. Diese Bande, die Chain Gang ist jetzt auch Jahre nach dem Untergang der Welt die herrschende Instanz innerhalb der Grasslands und wird zugleich respektiert und gef\u00fcrchtet. <a href=\"http:\/\/firestorm-con.de\/?page_id=239\">mehr<\/a><\/p>\n<\/div>\n<\/div>\n\n\n\n<h2 class=\"wp-block-heading\">Qombat \u2013 Die GSC<\/h2>\n\n\n\n<p> \u00dcber diese stark milit\u00e4risch gepr\u00e4gte Gruppe ist wenig bekannt. Nur wenige haben eine Begegnung mit ihnen \u00fcberlegt und k\u00f6nnen im \u00d6dland Geschichten \u00fcber sie erz\u00e4hlen. Qombat Truppen tauchen oft unvermittelt irgendwo im \u00d6dland auf, um Tod und Verderben zu bringen. Sie verf\u00fcgen \u00fcber \u00fcberlegenes milit\u00e4risches Ger\u00e4t und gelten als erbarmungsloser Gegner. Es gibt keine Berichte dar\u00fcber, dass jemals ein Kampftrupp von Quombat besiegt worden w\u00e4re.<\/p>\n\n\n\n<p>Wenn du Lust hast, als GSC zur Veranstaltung zu kommen, <a href=\"mailto:info@firestorm-con.de\">kontaktiere uns<\/a> und w\u00e4hle bei der Anmeldung die entsprechende Option.<\/p>\n","protected":false},"excerpt":{"rendered":"<p>Die Sinnbadier Die Sinnbadier sind ein W\u00fcstenvolk und stammen aus dem Roten Land, einer kargen und lebensfeindlichen Sandw\u00fcste. Ihre Vorfahren haben den Untergang der Welt in den weitl\u00e4ufigen Pyramidenkomplexen in<\/p>\n<p class=\"more-link\"><a href=\"http:\/\/firestorm-con.de\/?page_id=98\" class=\"readmore\">Continue reading<span class=\"screen-reader-text\">Die Fraktionen<\/span><\/a><\/p>\n","protected":false},"author":1,"featured_media":0,"parent":0,"menu_order":0,"comment_status":"closed","ping_status":"closed","template":"elementor_header_footer","meta":{"footnotes":""},"class_list":["post-98","page","type-page","status-publish","hentry"],"_links":{"self":[{"href":"http:\/\/firestorm-con.de\/index.php?rest_route=\/wp\/v2\/pages\/98","targetHints":{"allow":["GET"]}}],"collection":[{"href":"http:\/\/firestorm-con.de\/index.php?rest_route=\/wp\/v2\/pages"}],"about":[{"href":"http:\/\/firestorm-con.de\/index.php?rest_route=\/wp\/v2\/types\/page"}],"author":[{"embeddable":true,"href":"http:\/\/firestorm-con.de\/index.php?rest_route=\/wp\/v2\/users\/1"}],"replies":[{"embeddable":true,"href":"http:\/\/firestorm-con.de\/index.php?rest_route=%2Fwp%2Fv2%2Fcomments&post=98"}],"version-history":[{"count":21,"href":"http:\/\/firestorm-con.de\/index.php?rest_route=\/wp\/v2\/pages\/98\/revisions"}],"predecessor-version":[{"id":313,"href":"http:\/\/firestorm-con.de\/index.php?rest_route=\/wp\/v2\/pages\/98\/revisions\/313"}],"wp:attachment":[{"href":"http:\/\/firestorm-con.de\/index.php?rest_route=%2Fwp%2Fv2%2Fmedia&parent=98"}],"curies":[{"name":"wp","href":"https:\/\/api.w.org\/{rel}","templated":true}]}}

<div class="wp-block-columns is-layout-flex wp-container-core-columns-is-layout-9d6595d7 wp-block-columns-is-layout-flex">
<div class="wp-block-column is-layout-flow wp-block-column-is-layout-flow">
<figure class="wp-block-image size-large"><a href="http://firestorm-con.de/?page_id=231"><img fetchpriority="high" decoding="async" width="1024" height="1024" src="http://firestorm-con.de/wp-content/uploads/2020/05/sinnbadier-1-1024x1024.png" alt="" class="wp-image-299" srcset="http://firestorm-con.de/wp-content/uploads/2020/05/sinnbadier-1-1024x1024.png 1024w, http://firestorm-con.de/wp-content/uploads/2020/05/sinnbadier-1-300x300.png 300w, http://firestorm-con.de/wp-content/uploads/2020/05/sinnbadier-1-150x150.png 150w, http://firestorm-con.de/wp-content/uploads/2020/05/sinnbadier-1-768x768.png 768w, http://firestorm-con.de/wp-content/uploads/2020/05/sinnbadier-1-640x640.png 640w, http://firestorm-con.de/wp-content/uploads/2020/05/sinnbadier-1-180x180.png 180w, http://firestorm-con.de/wp-content/uploads/2020/05/sinnbadier-1.png 1066w" sizes="(max-width: 1024px) 100vw, 1024px" /></a></figure>



<h2 class="wp-block-heading">Die Sinnbadier</h2>



<p> Die Sinnbadier sind ein Wüstenvolk und stammen aus dem Roten Land, einer kargen und lebensfeindlichen Sandwüste. Ihre Vorfahren haben den Untergang der Welt in den weitläufigen Pyramidenkomplexen in ihrer Heimat überlebt. Sie leben in einem strikten Kastensystem und zeichnen sich vor allem durch ihren starken Glauben aus. <a href="http://firestorm-con.de/?page_id=231">mehr</a></p>
</div>



<div class="wp-block-column is-layout-flow wp-block-column-is-layout-flow">
<figure class="wp-block-image size-large is-style-default"><a href="http://firestorm-con.de/?page_id=247"><img decoding="async" width="1024" height="1024" src="http://firestorm-con.de/wp-content/uploads/2020/06/kollektiv-1024x1024.jpg" alt="" class="wp-image-312" srcset="http://firestorm-con.de/wp-content/uploads/2020/06/kollektiv-1024x1024.jpg 1024w, http://firestorm-con.de/wp-content/uploads/2020/06/kollektiv-300x300.jpg 300w, http://firestorm-con.de/wp-content/uploads/2020/06/kollektiv-150x150.jpg 150w, http://firestorm-con.de/wp-content/uploads/2020/06/kollektiv-768x768.jpg 768w, http://firestorm-con.de/wp-content/uploads/2020/06/kollektiv-640x640.jpg 640w, http://firestorm-con.de/wp-content/uploads/2020/06/kollektiv-180x180.jpg 180w, http://firestorm-con.de/wp-content/uploads/2020/06/kollektiv.jpg 1365w" sizes="(max-width: 1024px) 100vw, 1024px" /></a></figure>



<h2 class="wp-block-heading">Das Kollektiv</h2>



<p> Das Kollektiv ist eine sehr eng auf Gemeinschaft basierende Fraktion. Sie leben auf einer aus alten Schiffswracks zusammengefügten Insel im nördlichen Eismeer. <a href="http://firestorm-con.de/?page_id=247">mehr</a></p>
</div>



<div class="wp-block-column is-layout-flow wp-block-column-is-layout-flow">
<figure class="wp-block-image size-large"><a href="http://firestorm-con.de/?page_id=239"><img decoding="async" width="1024" height="1024" src="http://firestorm-con.de/wp-content/uploads/2020/05/chaingang2-1024x1024.png" alt="" class="wp-image-296" srcset="http://firestorm-con.de/wp-content/uploads/2020/05/chaingang2-1024x1024.png 1024w, http://firestorm-con.de/wp-content/uploads/2020/05/chaingang2-300x300.png 300w, http://firestorm-con.de/wp-content/uploads/2020/05/chaingang2-150x150.png 150w, http://firestorm-con.de/wp-content/uploads/2020/05/chaingang2-768x768.png 768w, http://firestorm-con.de/wp-content/uploads/2020/05/chaingang2-640x640.png 640w, http://firestorm-con.de/wp-content/uploads/2020/05/chaingang2-180x180.png 180w, http://firestorm-con.de/wp-content/uploads/2020/05/chaingang2.png 1065w" sizes="(max-width: 1024px) 100vw, 1024px" /></a></figure>



<h2 class="wp-block-heading">Die Chain Gang</h2>



<p> Die Vorfahren der Chain Gang haben den Untergang der Welt in einem Hochsicherheitsgefängnis überlebt. In dem anschließenden Chaos konnte der Chief und seine Bande die Macht für sich sichern. Diese Bande, die Chain Gang ist jetzt auch Jahre nach dem Untergang der Welt die herrschende Instanz innerhalb der Grasslands und wird zugleich respektiert und gefürchtet. <a href="http://firestorm-con.de/?page_id=239">mehr</a></p>
</div>
</div>



<h2 class="wp-block-heading">Qombat – Die GSC</h2>



<p> Über diese stark militärisch geprägte Gruppe ist wenig bekannt. Nur wenige haben eine Begegnung mit ihnen überlegt und können im Ödland Geschichten über sie erzählen. Qombat Truppen tauchen oft unvermittelt irgendwo im Ödland auf, um Tod und Verderben zu bringen. Sie verfügen über überlegenes militärisches Gerät und gelten als erbarmungsloser Gegner. Es gibt keine Berichte darüber, dass jemals ein Kampftrupp von Quombat besiegt worden wäre.</p>



<p>Wenn du Lust hast, als GSC zur Veranstaltung zu kommen, <a href="mailto:info@firestorm-con.de">kontaktiere uns</a> und wähle bei der Anmeldung die entsprechende Option.</p>

<p>Die Sinnbadier Die Sinnbadier sind ein Wüstenvolk und stammen aus dem Roten Land, einer kargen und lebensfeindlichen Sandwüste. Ihre Vorfahren haben den Untergang der Welt in den weitläufigen Pyramidenkomplexen in</p>
<p class="more-link"><a href="http://firestorm-con.de/?page_id=98" class="readmore">Continue reading<span class="screen-reader-text">Die Fraktionen</span></a></p>
